t r(c) = -c**3 + 186*c**2 + 959*c + 14. Give r(-5).
-6
Let d(i) = -16742*i - 24. Determine d(0).
-24
Let j(y) = 30*y**2 + 4111*y + 128. Give j(-137).
-9
Let h(u) = -u**3 - 28*u**2 - 52*u + 37. Determine h(-26).
37
Let r(z) = 26*z + 150. Give r(-6).
-6
Let r(q) = 75*q - 32. Give r(3).
193
Let t(z) = -z**3 - 50*z**2 - 599*z - 190. What is t(-19)?
0
Let r(g) = -5*g**2 + 165*g - 94. Determine r(33).
-94
Let t(a) = -2076*a - 10. Determine t(0).
-10
Let i(j) = -j**2 + 7*j + 53. What is i(7)?
53
Let v(m) = 13*m - 188. Calculate v(15).
7
Let i(a) = 2118*a + 114373. Give i(-54).
1
Let u(k) = -k**3 + 8*k**2 - 14*k. Determine u(4).
8
Let w(y) = y**2 + y + 20. What is w(-7)?
62
Let y(d) = 51*d**2 - 496*d - 139. Determine y(10).
1
Let u(k) = 3*k**2 - 22*k - 94. What is u(10)?
-14
Let l(k) = 6*k**3 + 3*k**2 + 2*k - 14. Calculate l(-4).
-358
Let k(g) = 5*g + 250. Calculate k(-44).
30
Let d(o) = 3*o**3 - 19*o**2 + 2*o + 90. What is d(3)?
6
Let f(x) = -2*x**2 - 54*x + 1492. Calculate f(-44).
-4
Let s(l) = l**2 + 6*l - 223. What is s(-17)?
-36
Let w(v) = -v**3 - 2*v**2 - 2*v + 9. Give w(0).
9
Let c(g) = 43*g**2 - 18*g + 32. What is c(2)?
168
Let q(r) = r**2 - 650*r + 12505. What is q(20)?
-95
Let v(s) = -6*s**2 + 12*s - 115. Calculate v(12).
-835
Let o(l) = l**3 - 9*l**2 + 19*l + 1. What is o(7)?
36
Let m(n) = -n**2 + 40*n - 112. Give m(36).
32
Let u(g) = -225*g - 2700. What is u(-12)?
0
Let x(m) = 26*m**2 + 29*m - 18. What is x(0)?
-18
Let y(c) = 3*c**2 - c - 13. Give y(7).
127
Let b(o) = -18*o**2 - 13*o + 40. Give b(3).
-161
Let o(s) = 46*s + 2726. Give o(-59).
12
Let a(w) = -247*w - 114. Calculate a(-3).
627
Let q(i) = 6*i**2 + 56*i + 94. What is q(-7)?
-4
Let m(n) = -n**3 + 231*n**2 + 2653*n + 2173. Calculate m(242).
-5
Let p(a) = 355*a - 2223. Determine p(6).
-93
Let g(i) = 218*i - 1082. Give g(5).
8
Let g(a) = -19*a + 70. Determine g(6).
-44
Let r(w) = -11*w**3 + 81*w**2 + 57*w - 15. Give r(8).
-7
Let w(s) = -11*s**2 - 121*s + 15. Determine w(-12).
-117
Let d(t) = t**3 - 111*t**2 + 106*t + 439. Calculate d(110).
-1
Let f(b) = 3*b**2 - 3*b + 38. What is f(-5)?
128
Let m(s) = 31*s - 263. What is m(8)?
-15
Let m(h) = -h**3 + 16*h**2 - 18*h + 48. Calculate m(15).
3
Let c(k) = -253*k + 512. Give c(2).
6
Let q(o) = -17*o + 371. Give q(43).
-360
Let k(x) = 2*x**3 - 24*x**2 - 21*x - 48. What is k(13)?
17
Let w(m) = -m**2 - 112*m + 159. Give w(-114).
-69
Let o(m) = -m**3 - 10*m**2 + 57*m + 5. What is o(-14)?
-9
Let b(c) = 185*c + 8500. What is b(-46)?
-10
Let q(w) = -2*w**2 + 40*w - 158. Calculate q(12).
34
Let d(r) = -3*r**2 + 43*r + 4834. Determine d(48).
-14
Let k(c) = 2*c**3 + 12*c**2 + 43*c - 7. Determine k(-6).
-265
Let h(t) = t**2 - 71*t - 3. Calculate h(71).
-3
Let y(w) = 3*w**2 - 107*w + 28. Determine y(35).
-42
Let o(n) = -n**2 - 128*n - 599. Give o(-123).
16
Let f(u) = u**3 - 21*u**2 - 47*u + 47. Determine f(23).
24
Let u(p) = -12*p**2 + 393*p - 42. What is u(35)?
-987
Let q(x) = -1125*x + 10123. What is q(9)?
-2
Let g(a) = -4122*a + 82434. Calculate g(20).
-6
Let k(b) = -11*b**2 + 100*b - 15. What is k(8)?
81
Let f(c) = -c**2 + 395*c + 4918. What is f(-12)?
34
Let p(v) = -15*v**2 - 22*v + 34. What is p(2)?
-70
Let p(d) = d**2 + 228*d - 1869. What is p(8)?
19
Let g(n) = 40*n + 131. Determine g(-8).
-189
Let z(g) = g**3 + 4*g**2 - 225*g - 42. Give z(-17).
26
Let p(c) = c**3 - 10*c**2 + 7*c - 16. What is p(9)?
-34
Let b(o) = -22*o**2 + 2*o - 3. What is b(2)?
-87
Let z(i) = -927*i - 34289. What is z(-37)?
10
Let k(t) = -7*t**2 + 92*t + 1164. Calculate k(21).
9
Let o(j) = -j**3 + 53*j**2 + 61*j - 384. Calculate o(54).
-6
Let k(w) = 13*w**3 - 9*w**2 - 2*w + 1. Determine k(-1).
-19
Let c(o) = -14*o - 86. What is c(-14)?
110
Let w(z) = 4*z**3 + 5*z**2 + 6*z + 3. Calculate w(-4).
-197
Let x(g) = -31*g + 261. What is x(7)?
44
Let f(z) = 2*z**3 - 9*z - 2. Determine f(0).
-2
Let t(j) = 18*j - 617. Determine t(44).
175
Let c(x) = -28*x + 31. Give c(-5).
171
Let v(i) = i**2 - 85*i + 653. What is v(8)?
37
Let p(r) = r**3 - 28*r**2 - 3*r + 824. Give p(27).
14
Let y(b) = 22*b**3 + 4*b**2 + 210*b + 205. What is y(-1)?
-23
Let o(w) = -3*w - 1. Determine o(-1).
2
Let q(w) = -7*w**2 - 82*w - 216. Calculate q(-3).
-33
Let r(k) = -k**2 - 137*k - 644. What is r(-5)?
16
Let o(i) = 25*i + 188. Calculate o(-7).
13
Let k(t) = 38*t**2 + 185*t + 150. Determine k(-4).
18
Let y(p) = -489*p + 2901. Calculate y(6).
-33
Let d(x) = -303*x + 2609. Determine d(9).
-118
Let q(w) = w**3 - 35*w**2 - 48*w + 127. What is q(36)?
-305
Let u(q) = 2496*q + 7499. Determine u(-3).
11
Let v(i) = -i**2 - 103*i - 2264. What is v(-30)?
-74
Let u(f) = -55*f**3 + 4*f**2 + 7*f + 2. Calculate u(-1).
54
Let r(n) = -n**2 + 61*n - 227. Calculate r(57).
1
Let r(m) = -m**3 - 2*m**2 - m + 2. Determine r(2).
-16
Let q(s) = s**3 + 42*s**2 - 50*s - 2105. Calculate q(-42).
-5
Let n(l) = -3*l**2 - 29*l - 38. Determine n(-4).
30
Let b(y) = -6*y**3 - 28*y**2 + 15*y + 7. Give b(-5).
-18
Let w(m) = 20061*m - 100305. Calculate w(5).
0
Let g(i) = 7*i - 29. What is g(5)?
6
Let i(k) = 5*k**2 + 75*k + 323. What is i(-10)?
73
Let c(p) = -454*p - 5434. Give c(-12).
14
Let j(s) = 183*s + 11338. Determine j(-62).
-8
Let b(z) = 204*z + 412. Give b(-2).
4
Let h(t) = -t**2 + 26*t - 4. Calculate h(30).
-124
Let g(l) = 2*l**3 - 20*l**2 + 10*l - 91. Determine g(10).
9
Let g(t) = 97*t - 627. What is g(7)?
52
Let s(j) = 54*j**2 + 1293*j - 93. Determine s(-24).
-21
Let p(n) = n**3 - 16*n**2 + 75*n - 331. Give p(12).
-7
Let g(o) = -2*o**3 - 34*o**2 - 37*o + 6. What is g(-10)?
-1024
Let d(s) = -44*s + 1074. Calculate d(18).
282
Let t(u) = 2*u**2 - 54*u - 12591. Determine t(94).
5
Let z(w) = -8544*w + 68362. Give z(8).
10
Let i(y) = 117*y - 202. Give i(2).
32
Let b(s) = -s**3 - 27*s**2 - 75*s - 55. Give b(-24).
17
Let v(f) = -871*f - 4419. Give v(-5).
-64
Let l(m) = 23*m - 166. Calculate l(7).
-5
Let i(n) = n**3 - 7*n**2 - 10*n + 91. Calculate i(7).
21
Let f(d) = -140*d**2 + 21*d - 22. Give f(1).
-141
Let w(t) = 2*t**3 - 12*t**2 - 29*t + 186. Calculate w(5).
-9
Let m(n) = -28*n + 499. Give m(43).
-705
Let o(m) = -m**3 + 20*m**2 - 24*m + 479. Calculate o(20).
-1
Let p(r) = -2*r**3 + 390*r**2 + 4968*r + 6. Calculate p(-12).
6
Let k(y) = 2*y**3 + 15*y**2 + 18*y + 69. Give k(-10).
-611
Let q(r) = -26660*r + 106644. Give q(4).
4
Let s(n) = -17*n + 18. What is s(2)?
-16
Let m(s) = -27*s**2 - 2727*s - 123. Calculate m(-101).
-123
Let j(p) = -9*p**2 - 25*p - 49. Determine j(-2).
-35
Let d(f) = 8*f**2 - 72*f - 37. What is d(11)?
139
Let w(c) = -c**3 - 4*c**2 + 4*c + 68. Determine w(-5).
73
Let g(y) = 69*y**2 + 186*y + 4. Determine g(-3).
67
Let y(w) = w**3 - 11*w**2 + 32*w - 46. Calculate y(9).
80
Let q(c) = -249*c**2 - 1498*c - 22. Give q(-6).
2
Let c(o) = 12*o**3 + 5*o - 1. Determine c(-2).
-107
Let b(s) = 4*s**2 - 55*s + 14. Calculate b(14).
28
Let h(n) = 2*n**3 + 5*n**2 - 118*n - 5. Give h(-9).
4
Let i(p) = p**3 - 23*p**2 - 98*p + 1236. What is i(25)?
36
Let y(u) = -6*u**2 - 71*u - 38. Give y(-12).
-50
Let n(y) = -349*y**2 + 695*y + 5. Calculate n(2).
-1
Let o(k) = -3*k**3 - 66*k**2 + 8*k + 65. Determine o(-22).
-111
Let c(m) = 376*m + 1136. Give c(-3).
8
Let o(y) = -149*y**2 + 23*y - 22. Give o(1).
-148
Let d(q) = 19*q - 359. What is d(15)?
-74
Let h(d) = -13*d + 114. Calculate h(4).
62
Let q(c) = -717*c - 9312. What is q(-13)?
9
Let o(y) = -8*y**2 + 185*y + 395. Determine o(25).
20
Let a(j) = 55*j**3 - 9*j**2 + 8*j + 1. Determine a(1).
55
Let j(l) = l**3 - 21*l**2 - 15*l - 149. Give j(22).
5
Let r(h) = -306*h - 5543. Calculate r(-19).
271
Let i(x) = -81*x - 1206. Determine i(-15).
9
Let p(c) = -2*c**2 + 64*c + 383. Determine p(37).
13
Let b(s) = 3*s**2 + 20*s + 13. Determine b(-3).
-20
Let t(n) = 2*n**2 + 183*n + 1483. What is t(-9)?
-2
Let r(a) = -543*a - 3947. Calculate r(-7).
-146
Let g(w) = w**3 + 46*w**2 + 3*w + 102. What is g(-46)?
-36
Let c(z) = -58*z - 3205. Calculate c(-55).
-15
Let f(y) = 7*y**2 + 54*y + 52. Calculate f(-1).
5
Let g(w) = 27*w - 395. What is g(11)?
-98
Let l(v) = 694*v + 2739. What is l(-4)?
-37
Let q(w) = w**3 + 9*w**2 - 43*w + 19. What is q(-14)?
-359
Let f(k) = -k**3 + 3*k**2 - k + 20. Determine f(7).
-183
Let w(i) = 16*i**2 + 187*i - 10. What is w(-12)?
50
Let u(d) = 3*d**3 - 1151*d**2 + 801*d - 13406. Determine